24.
6
Let l(x) = -x**3 - 3*x**2 - 4*x + 1. Let q be l(-3). What is the highest common divisor of q and 65?
13
Suppose -2*s + 65 + 91 = -5*g, 138 = -5*g - 4*s. Let p = 66 + g. Calculate the greatest common divisor of p and 8.
4
Let b(w) = -2*w. Let f be b(-1). Let v(a) = 2*a - 5. Let t be v(7). Suppose -t = -y + f. What is the highest common divisor of y and 11?
11
Let w(a) be the first derivative of -a**3/3 + 4*a**2 + 5*a + 10. Let p be w(9). Let o be -1*(p + -1 + -61). What is the greatest common factor of 6 and o?
6
Let g be 60/(-18)*2*-3. What is the greatest common factor of g and 40?
20
Let v = 183 + -23. What is the highest common factor of v and 5?
5
Let r be 3 + (-12)/(-8)*20. Suppose -4*f - 12 + 24 = 0. Calculate the highest common divisor of r and f.
3
Let i(r) = -r**3 + 10*r**2 - 16*r + 2. Let l be i(4). What is the highest common factor of l and 1?
1
Let h = 23 + -21. Suppose 3*t - 3*j = 3 + 12, -6 = h*j. Calculate the greatest common divisor of t and 8.
2
Suppose -3*x + 23 = -46. Suppose -14*o = -379 - 587. Calculate the highest common factor of o and x.
23
Suppose -4*s + 2*o = -7*s + 192, -2*s + o + 135 = 0. Calculate the highest common divisor of s and 1056.
66
Let l be (-1 + 2)/(2/(-8)). Let z = l + 10. Suppose -3*w = g - 142, -6*w + 9*w - 150 = 3*g. What is the highest common divisor of w and z?
6
Let v = -43 + 59. What is the highest common divisor of 1136 and v?
16
Let b be (214 - -28) + 3 + 0. Calculate the greatest common divisor of b and 10.
5
Let d = -189 - -269. What is the greatest common factor of d and 36?
4
Suppose -2*c - 3*t = -127 + 4, 162 = 3*c - 3*t. What is the highest common factor of 38 and c?
19
Suppose -5*c + h + 473 = 2*h, -2*h - 384 = -4*c. Let x = 463 + -425. Calculate the highest common divisor of x and c.
19
Let s be (-7)/(-1) + -11599*11/(-77). What is the greatest common factor of 26 and s?
26
Suppose -8*z - 50 = -13*z. Let q be 12/z*440/66. Calculate the greatest common divisor of 72 and q.
8
Let j = 14 + -14. Suppose j = -2*d + 8 - 2. Suppose -k - 6 = -d*k. Calculate the highest common factor of k and 1.
1
Suppose -3*u + 4*u = 6. Let l be 16/(-3)*(-105)/28. Let y = -14 + l. Calculate the greatest common factor of y and u.
6
Let r(h) = -h**2 - 6*h - 1. Let n be r(4). Let v = -11 - n. What is the greatest common factor of 75 and v?
15
Suppose 11 = 4*f + 2*t - t, -5*f + 45 = -5*t. Suppose 13 + 12 = f*u - l, 0 = -4*l - 20. What is the greatest common factor of u and 40?
5
Let t(j) = j**3 - 5*j**2 - 2*j - 11. Let r be t(6). Suppose o = 5 + r. What is the highest common divisor of 36 and o?
18
Suppose 0 = 5*c - 10 - 0. Suppose 7*y - c*y = 80. What is the greatest common divisor of y and 16?
16
Let q = -16 + 20. Suppose 2*l = 23 - 9. Suppose -2*b - 3*f = -4*b + 19, -b - f + l = 0. Calculate the highest common divisor of b and q.
4
Let m(h) = -158*h - 104. Let n be m(-5). What is the greatest common factor of n and 28?
14
Let y = -18 - -39. Let p(c) = -15*c + 17. Let t(b) = 15*b - 18. Let k(n) = 3*p(n) + 4*t(n). Let h be k(14). What is the highest common divisor of y and h?
21
Suppose -6 = 3*g - 0*g. Let c be (5 + g)/(-3) + 14. Suppose 3*b - 387 = 42. Calculate the greatest common factor of c and b.
13
Let c = -197 + 292. Calculate the highest common divisor of 2185 and c.
95
Let z(y) = 9*y - 2 + y - y**2 + 3 + 0*y**2. Let l be z(10). Calculate the greatest common divisor of 1 and l.
1
Let f(v) = -v**2 + 4. Let x be f(0). Let t(h) = 38*h**2 + 1100*h - 22. Let d be t(-29). Calculate the highest common factor of x and d.
4
Let l be (-14)/6*(-2 - -5). Let i(f) = f + 20. Let u be i(l). Calculate the greatest common divisor of 143 and u.
13
Let a = -12 + 18. Suppose -8*p = g - 5*p - 9, -21 = -2*g - 9*p. Calculate the highest common divisor of a and g.
6
Let q be 2/7 - (-328)/28. Suppose -4*c = 5*t - 67, c + 4*t - 13 - 1 = 0. What is the greatest common divisor of c and q?
6
Let w(q) = 5*q**2 - 11. Let k be w(-5). Let m = k + -15. Let s be -2 + (-3 - -5) + m. Calculate the greatest common divisor of s and 66.
33
Let y = 66 - 51. Suppose -f - 41 = -146. Calculate the highest common divisor of y and f.
15
Suppose 0 = 10*l - 8*l - 682. Suppose -2*w + 70 = -2*o, -2*w = 2*w + 3*o - 112. Calculate the highest common factor of w and l.
31
Let t be (0 - -3)*(-2 + 0). Let f be t/(-18) - 47/(-3). Let s be -3 + (-1)/((-2)/f). What is the highest common divisor of 1 and s?
1
Let k = -38 + 30. Let b be 21/4 + 2/k. What is the greatest common divisor of b and 45?
5
Let o(u) = -17*u - 103. Let k be o(-9). Calculate the greatest common divisor of k and 350.
50
Let y = 12 + -6. Suppose -y = -2*j - j. Suppose -d + 0*d - 2*q - 1 = 0, 2*q - 9 = -3*d. Calculate the highest common divisor of d and j.
1
Suppose 2*j + 64 = 18*j. Suppose k + 6 - 105 = -5*r, -r = 4*k - 16. Calculate the highest common divisor of j and r.
4
Let b = -482 - -483. What is the greatest common divisor of 43 and b?
1
Let r(m) = m**3 + 28*m**2 + 37*m - 14. Let z be r(-21). What is the highest common factor of 82 and z?
82
Suppose 20 = 4*r, -5*j - 120 + 340 = 2*r. Calculate the greatest common factor of j and 70.
14
Let h be (1*22)/(1/12). Let v be 37 - ((-1274)/(-273) + (-5)/3 + 1). Calculate the highest common divisor of h and v.
33
Suppose -w = 10*w - 792. What is the greatest common factor of w and 8?
8
Suppose 76 = 4*x + 4*i, 4*i = -4*x - i + 81. Suppose -7*m + 98 = x. What is the highest common factor of 132 and m?
12
Let a(d) = -11*d - 27. Let u(p) = -7*p - 18. Let q(r) = 5*a(r) - 8*u(r). Let n = 797 + -800. Let b be q(n). Calculate the highest common divisor of 60 and b.
6
Let f be -3 + (-7 - -2)*-1. Suppose -5*m - y = -20, 3*m + f*y = 4*m + 7. Suppose 2*x - m*x = 5, k + 4*x = -19. Calculate the highest common factor of 2 and k.
1
Let y be (-8)/5 - (-1)/(-5)*2. Let n be 33*(y - 7/(-3)). Suppose -5*m + 33 + 25 = -3*d, -3*m + 29 = 4*d. What is the greatest common factor of n and m?
11
Let n be (-57)/11 + (-26)/(-143) - -53. What is the highest common divisor of n and 464?
16
Let i(a) be the second derivative of 1/2*a**4 + 0 + 1/20*a**5 - 5/3*a**3 + 5*a - 3*a**2. Let l be i(-7). What is the greatest common factor of 165 and l?
15
Let q be -9 + 13 + -10 + 3906. What is the highest common factor of q and 50?
50
Let x(f) = 137*f**2 - 3*f + 31. Let v be x(5). What is the greatest common factor of 111 and v?
111
Suppose 0*a - 5*a = -5*r + 3955, r = -2*a + 797. Calculate the greatest common factor of r and 61.
61
Suppose 2*j - 2*h = 0, h + 3*h - 15 = j. What is the greatest common divisor of j and 95?
5
Suppose 4*c - 2*c = -3*d + 540, 0 = 5*d - 5*c - 900. Let x(j) = j**2 + j - 22. Let k be x(-7). What is the highest common divisor of d and k?
20
Suppose 5*q - 22 = -4*n + 26, 48 = 4*n - 4*q. What is the highest common divisor of 138 and n?
6
Let m(h) = 2*h**2 + 6*h - 186. Let a be m(-12). Calculate the greatest common factor of a and 250.
10
Let h(j) = 2*j**3 - 61*j**2 + 31*j - 22. Let u be h(30). Suppose -2 = 2*c + 2. Let m be 4/(c/((-16)/1)). Calculate the highest common divisor of m and u.
8
Suppose -872 = -8*u - 760. Suppose 3*f + 2*i = 5*i + 378, 3*f = 2*i + 378. Calculate the greatest common divisor of f and u.
14
Suppose -25 = -7*q + 10. Suppose 5*d = -7*z + 2*z + 145, 127 = q*d - z. What is the greatest common divisor of d and 130?
26
Let h = -1373 - -1943. What is the highest common divisor of h and 30?
30
Let l(u) = 3*u**2 + 6*u - 3. Let p be l(-3). Let n be -174*(-1 - p/(-9)*1). What is the highest common divisor of n and 87?
29
Suppose 2*m - 51 = 23. Suppose m*l - 32*l = 180. Calculate the highest common divisor of 9 and l.
9
Suppose 113*s - 122*s = -144. Calculate the highest common factor of 2 and s.
2
Let r(u) = u**2 + 8*u - 16. Let b be r(-11). Suppose 5*s - b = 4*z, -2*s + 9 = -1. What is the highest common factor of z and 10?
2
Let q = -5 - -11. Let v(d) = d**2 - 7. Let g = 12 + -5. Let x be v(g). Calculate the greatest common factor of q and x.
6
Suppose 60 = 8*s + 4*s. Suppose -30 = s*j - 10*j. Let x(l) = l**2 - 5*l + 6. Let r be x(5). Calculate the highest common factor of j and r.
6
Suppose 18*m + 6656 = 44*m. What is the highest common factor of 48 and m?
16
Suppose 5*d = 2*d + 30. Suppose -20 = 12*x - 22*x. What is the greatest common d